*w + 3*w + h = 0. Calculate the highest common factor of w and 8.
4
Let p(g) = -3*g**2 + 8*g - 3. Let t be p(5). Let x = t + 23. Let k be ((-25)/x)/((-1)/(-9)). What is the highest common factor of k and 10?
5
Suppose -4*p - 5*k + k + 320 = 0, -2*p - 4*k + 170 = 0. What is the highest common divisor of 225 and p?
75
Let s be 19/(570/72)*20. Let k = -19 + 35. Calculate the greatest common factor of k and s.
16
Let j(m) = m - 3. Let x be (-8)/(-10)*-1*5. Let y be 8/16 + (-50)/x. Let g be j(y). Calculate the greatest common divisor of 80 and g.
10
Let f be (-7479)/(-135) + 14/10*-1. What is the highest common divisor of f and 1620?
54
Suppose 5 = -6*n + 53. Suppose 0 = -4*q + 36 - n. What is the greatest common factor of 21 and q?
7
Let x(y) be the second derivative of y**4/4 - 4*y**3/3 + 7*y**2/2 + y. Let n be x(7). Let h = n + -63. What is the highest common factor of 14 and h?
7
Let v be (1 - 0)/(35523/(-2961) + 12). Calculate the greatest common divisor of v and 141.
47
Suppose 154 = -66*z + 77*z. What is the greatest common divisor of z and 105?
7
Let c(a) = a**3 + 11*a**2 + 21*a + 115. Let g be c(-10). Calculate the highest common factor of 145 and g.
5
Suppose 6*b - 251 + 113 = 0. What is the highest common divisor of 23 and b?
23
Suppose -3*t = -3*v - 1137, -3*t = -7*t - 4*v + 1524. What is the greatest common factor of 40 and t?
20
Let f be (3 + 5 - -3) + 79. What is the highest common factor of 240 and f?
30
Let o = 771 - 446. What is the greatest common divisor of o and 25?
25
Suppose c - 4*r = 17, -2*c = 3*c - 3*r - 34. Suppose -c*j + 17 = -3. What is the greatest common divisor of j and 2?
2
Let v = -235 + 245. Calculate the highest common divisor of v and 185.
5
Suppose -6*s + 793 = -1553. Calculate the highest common divisor of 23 and s.
23
Let m(z) = z**2 - 4. Suppose 3*k - k - 14 = 0. Let x be m(k). Let n = -12 + 21. Calculate the greatest common factor of n and x.
9
Suppose x + 2*q + 17 = 0, -q = 3*x + 18 + 28. Let r be 4/30 - 688/x. What is the highest common divisor of 46 and r?
46
Let b be 1/2*24/6. Suppose 4*i - b*i = 128. What is the greatest common divisor of 8 and i?
8
Let y be (-30)/(-4)*40/(-50). Let z = y - -33. What is the highest common divisor of z and 3?
3
Let q be (1 - 1/(-1)) + 72/18. Calculate the highest common factor of q and 12.
6
Let r(l) = l**3 - 4*l**2 - l. Let i be r(3). Let p be -1*3/5 + 210/(-25). Let c = p - i. Calculate the highest common divisor of c and 33.
3
Let v(m) = 18*m - 36. Let x be v(15). What is the highest common divisor of 27 and x?
9
Suppose 5*r - 324 = 2*c, -2*c = -28*r + 25*r + 192. Calculate the greatest common factor of r and 176.
22
Suppose 4*v - 103 = 1. Let w = 24 + 23. Let q = w - v. What is the highest common divisor of q and 84?
21
Suppose 4*o = -5*u + 2431, -3*o - 24 = -36. Calculate the greatest common divisor of u and 63.
21
Suppose 150*v - 146*v - 768 = 0. What is the highest common divisor of 64 and v?
64
Suppose -21 + 27 = 2*o. Let l(s) = 11*s**2 - 7*s + 3. Let h be l(o). What is the greatest common divisor of 9 and h?
9
Suppose -273*v + 285*v - 516 = 0. What is the highest common divisor of v and 2?
1
Let a = -627 + 1082. Calculate the greatest common factor of 13 and a.
13
Suppose 56*y - 2831 = 585. What is the greatest common divisor of y and 305?
61
Let o(y) = y**3 + y**2 - 48. Let q be (0/(5 + -3))/1. Let g be o(q). Let w = g - -128. What is the highest common factor of 8 and w?
8
Let x be 20 + (14 - 7 - 9). What is the greatest common factor of 8 and x?
2
Let n be (48/(-60))/((-4)/10). Suppose -5*k + 6*g + 412 = 4*g, n*g = 8. Let h = k + -12. Calculate the highest common factor of 8 and h.
8
Let j be (2 - -9)*((7 - 16) + 31). What is the highest common factor of 363 and j?
121
Suppose -27 = 5*a - 2*a. Let g = a - -2. Let l be (-57)/(-12) + g/(-28). Calculate the highest common factor of l and 5.
5
Let u(w) = w**3 - w**2. Let b be u(2). Suppose -b*n + 0 = -8. Suppose 6*g - n*g = 160. Calculate the greatest common factor of 100 and g.
20
Suppose 0 = -b - 2*b + 3. Suppose -5*n + 8 = 3*x - 20, 5*n - 20 = 5*x. Calculate the greatest common divisor of x and b.
1
Let v be 755/6 + (-11)/(-66). What is the greatest common divisor of v and 14?
14
Suppose -19*x + 5*y - 96 = -22*x, -5*x + 173 = 4*y. Calculate the highest common divisor of 185 and x.
37
Let b be -1*(-204)/3 - 0. Suppose 66*o + 128 = b*o. What is the highest common factor of o and 160?
32
Let o be ((-8)/(-2) + -5)/(1/(-37)). What is the greatest common divisor of 185 and o?
37
Let n be 105*((1 - 3/(-9)) + 0). What is the highest common divisor of n and 20?
20
Let a be 2 - (-4)/(3 + -1). Let p be (-74)/(-3) - a/6. Let z(v) = v**3 - 3*v**2 - 5*v + 18. Let i be z(6). Calculate the highest common divisor of i and p.
24
Let z(q) = q**2 - 7*q + 14. Let k be z(4). Suppose -2*w + k = -34. Calculate the greatest common divisor of 6 and w.
6
Let f = 0 - -2. Suppose 2*b = -f*m + 4, 0 = -m + 1. Let q = 549 + -547. Calculate the highest common factor of q and b.
1
Let y be -2*(-2)/18 - (-214)/9. Let l = -21 + y. What is the highest common divisor of l and 1?
1
Suppose -5*w + 3*w + 250 = 0. Let q = -2 - 11. Let h = q - -38. What is the highest common factor of w and h?
25
Let a be 2*-3 - (20 - 75). What is the greatest common factor of 224 and a?
7
Suppose a - 216 = -5*n, 124 = 8*n - 5*n - 5*a. Calculate the highest common factor of n and 3268.
43
Suppose j - 1236 = -3*j. Suppose v - 243 = -3*u - 96, -5*u = -3*v + 427. Let r = j - v. Calculate the highest common factor of r and 15.
15
Let q be 6*4/60 + 437/(-5). Let p = q + 88. Calculate the greatest common factor of p and 5.
1
Suppose 0 = 5*b - 434 + 369. Calculate the highest common factor of 52 and b.
13
Suppose -4*t = -0*p - 4*p, -5*t + 3*p = 0. Suppose 3*h = -t*h + 6. Calculate the highest common divisor of h and 2.
2
Let v be (-4 - 6) + 4 + 2. Let o be v + (44 + 1 - 2). What is the greatest common factor of 13 and o?
13
Suppose 9*o = 12*o - 495. Suppose 30 = -0*i + 2*i. Calculate the greatest common factor of o and i.
15
Let o(p) = 4*p**2 + 7*p + 4. Let b be o(2). What is the greatest common factor of 153 and b?
17
Let o be (-2)/4*(2 - 4). Suppose 4*i + 7 + o = 0. Let u be (i/3)/((-22)/231). Calculate the highest common divisor of 63 and u.
7
Suppose 0 = -3*y + 3 + 3. Suppose -1 - 1 = -y*f. Let t be 20/f - (1 - 3). What is the highest common divisor of 55 and t?
11
Suppose 5*a = f + 121 + 33, a - 3*f - 28 = 0. What is the greatest common factor of a and 4681?
31
Let g = 518 + -506. What is the greatest common divisor of g and 348?
12
Suppose 497 = 131*a - 420. Calculate the highest common divisor of 133 and a.
7
Suppose -81 = -8*x + 31. Suppose u + 0*u = 2*o + 9, 5*u = 5*o + 50. Let q(y) = y - 4. Let w be q(u). What is the greatest common factor of w and x?
7
Let z(b) = 2*b**2 - 8*b + 9. Let p be z(4). Suppose 12*d = p*d + 90. Calculate the highest common factor of 15 and d.
15
Suppose 0 = 802*x - 810*x + 400. Let t be (0 - -3)/(3/75). Calculate the highest common factor of x and t.
25
Let s = 589 + -535. Calculate the greatest common divisor of s and 24.
6
Suppose -29*j = -27*j - 10. Let u(x) = 2*x + 16. Let r be u(j). Calculate the highest common factor of r and 39.
13
Let h(v) = 4*v**2 + 7*v - 3. Let s be h(-6). Let q = -437 - -446. What is the greatest common factor of q and s?
9
Suppose 6*h - 101 + 41 = 0. Calculate the greatest common divisor of 210 and h.
10
Let u = -22 - -12. Let n(d) = d**2 + 10*d - 3. Let b be n(u). Let g be 8*1/(b/(-9)). What is the greatest common factor of 4 and g?
4
Let u(w) = 14*w - 120. Let h be u(13). What is the greatest common factor of 2 and h?
2
Let m(g) = g - 6. Let b be m(6). Let v = b - -84. Suppose -4*t = -85 + 29. What is the greatest common divisor of v and t?
14
Suppose 6*l = 2*l + 120. Suppose 0 = 2*r + t - 35, -3*t - l = -3*r + 18. Suppose 105 - 666 = -3*a. Calculate the greatest common factor of r and a.
17
Let l(k) = 2 - 4*k + 3 - 4 + 151*k**2 + 3*k. Let n be l(-1). Calculate the highest common divisor of n and 9.
9
Suppose 0 = 5*j - 8*j - 111. Let z = j + 63. What is the greatest common factor of z and 26?
26
Let v(k) = -57*k - 4. Let p be v(-2). What is the highest common divisor of p and 11?
11
Let x = 158 - 138. S